*o + z - 817 = q*z, 2*z = o - 167. Is o a composite number?
False
Is (58/6)/(53/210993) a prime number?
False
Suppose 4*d - 2*o - 43476 = 0, -2*o = 2*o + 16. Is d composite?
False
Let i = -27235 - -43112. Is i a prime number?
True
Let o(t) = 9*t + 83. Is o(-5) a composite number?
True
Let h(k) = -k**3 - k**2 + 3*k + 7. Let j = 24 - 19. Suppose j*q + 28 - 8 = 0. Is h(q) composite?
False
Suppose -9*i = -10*i + 2. Suppose -2*o + 2708 = i*o. Is o prime?
True
Suppose -3*u - 9*u + 13812 = 0. Is u a prime number?
True
Let x(o) = o**3 + 22*o**2 + 19*o + 17. Is x(-14) a prime number?
True
Let x = 633 - -2756. Is x a composite number?
False
Let m(k) = -6*k**3 + 55*k**2 + 68*k - 79. Is m(-28) a prime number?
True
Let p(z) = -26*z**3 + z**2 - 9*z - 6. Is p(-5) composite?
True
Let v = 361 + -130. Suppose 0 = 4*u + o - 14 + 2, 3*o + 4 = -2*u. Suppose 0 = u*r + 43 - v. Is r prime?
True
Suppose 0*w = -2*w + 4. Suppose -5*z = -5*t + 40, 4*t - 29 = t + w*z. Suppose -12*j + t*j - 443 = 0. Is j a prime number?
True
Suppose 2 = 4*a - 18. Suppose -s + 2069 = 4*s - 4*q, -a*s - q = -2064. Is s composite?
True
Let h = -8537 + 14286. Is h prime?
True
Is (-1077 - -136)/(10/(-4) + 2) composite?
True
Let s be 75/(-6)*(-308)/35. Let r(v) = -v**2 + 4*v + 1. Let d be r(3). Suppose d*w - 5 = -w, 5*w = k - s. Is k a composite number?
True
Suppose -1430*q + 1436*q = 293286. Is q a prime number?
False
Suppose -82 = 4*n - 6*n. Suppose -n*c + 36*c = -1010. Is c composite?
True
Let b = 103084 + -68481. Is b a composite number?
False
Let r = 6 + -6. Is 61 + (-6)/(2 - r) prime?
False
Let n(y) = -897*y - 512. Is n(-10) a prime number?
False
Suppose -3*f - 9959 = -4*j + 19134, -3*j = -4*f - 21811. Is j a prime number?
False
Let k(v) = 11*v**3 - 3*v**2 + 3*v. Let j(h) = 3*h**3 - 2*h**2 + h. Let x be j(1). Let d be x - 4 - (1 + -5). Is k(d) a composite number?
True
Suppose 0 = -5*k + 2*y + 13837, 0*k + 2*k + 3*y = 5531. Is k a prime number?
True
Suppose 3*b - w = -2*w + 6622, 0 = 5*w - 5. Suppose 5*x = 5*q + 3685, -3*x + 7*q + b = 2*q. Is x prime?
True
Let a(x) be the first derivative of x**3 - 9*x**2/2 - 4*x - 14. Is a(9) a prime number?
False
Let l(o) = -o**3 - 5*o**2 + 6*o + 4. Let j be l(-6). Let i be (4/(-2))/(j + -2). Is (-358)/(i*(-6)/(-3)) composite?
False
Let p be (-2)/8 + -5 + (-29)/(-4). Suppose -4*z + 381 = 5*i, -2*z - p*z = 4*i - 304. Is i a composite number?
True
Let y(l) = -10*l + 84. Let q be y(8). Suppose 7 = 4*n + 2*g - g, -5*n = 5*g + 10. Suppose 0 = 4*d + 3*k - 461, -q*k - 377 = -6*d + n*d. Is d a prime number?
False
Is (0 - 3)*(-9113)/39 a prime number?
True
Suppose 4*j = 143 - 603. Let f = j - -164. Is f composite?
True
Is -7551*(80/24)/(-10) composite?
True
Is (1280896/512)/((-1)/(-4)) a composite number?
False
Let q(r) = 236*r**2 + 36*r - 33. Is q(-13) a prime number?
True
Let o be 15*44*(-1)/(-10). Let c = 757 - o. Is c prime?
True
Let l(v) = -115*v - 47. Let t(c) = c**3 - 6*c**2 + 6*c + 1. Let x be t(4). Is l(x) a composite number?
True
Let d(f) = -66*f + 23. Let u be 1/(-4) + 23/(-4). Is d(u) composite?
False
Suppose 444*q = 442*q + 6026. Is q prime?
False
Let h = -11 + 13. Suppose t - 3*w - 229 = 0, -h*w = t + 3*w - 197. Is t composite?
True
Suppose 3*a + a = 0. Suppose -v - 4*c + 1519 = a, 3*v - 3*c = 3768 + 714. Suppose -v = -4*i - 271. Is i a prime number?
True
Let a = 2037 + 7576. Is a a prime number?
True
Let y be 15/(-10)*4/(2/(-1)). Let v(z) = 21*z**3 - 3*z**2 + 9*z - 2. Is v(y) a prime number?
False
Let z(c) = 70*c**2 + 3*c + 3. Suppose -28 = -3*x - 4*b, 4*x + 3*b - 19 - 9 = 0. Is z(x) prime?
False
Let m(t) = 956*t**2 + 108*t - 7. Is m(-4) composite?
True
Let s = -3 - -6. Let f(k) = k**2 - 2*k + 1. Let l be f(s). Suppose 565 = j + l*j. Is j a prime number?
True
Let r = -10 + 20. Suppose 0*g = 2*g + 2*s, 3*s = 2*g - r. Suppose 0 = 3*t + 2*f - f - 672, -4*f = g*t - 458. Is t a prime number?
True
Suppose -4*q - 565 = 5*v, 4 + 132 = -q - 3*v. Suppose 0 = -14*t + 6897 - 1773. Let g = t + q. Is g a composite number?
True
Let j = -39887 - -68760. Is j prime?
False
Let f(t) = 204*t**2 - 2*t - 1. Let k be f(-1). Suppose 39*a - 40*a + k = 0. Is a composite?
True
Let o = 515 - 758. Let m = o - -826. Is m a composite number?
True
Is (713 - 0 - 44/11) + 4 composite?
True
Let b = 6 - 0. Let n = b - 2. Suppose -n*j + 62 = -3*j. Is j a composite number?
True
Let y be (2 + -70)/(1 - 3). Suppose -3*g = -10 + y. Let i = 19 + g. Is i prime?
True
Let y = -1740 - -3307. Is y a composite number?
False
Let j be 10/(-3)*9/(-3). Let f(m) = m**2 + 13*m - 8. Let v be f(j). Suppose 176 + v = 2*y. Is y prime?
True
Let a = -25673 + 62670. Is a prime?
True
Let b = 72 + -72. Let o(h) = -8*h + 526. Is o(b) a composite number?
True
Let y = -54 - -57. Suppose 103 + 74 = y*k. Is k prime?
True
Is 1851 + 0/(-6) - 4 composite?
False
Suppose -2*i + 2*m = -16, 0 = 2*i + 6*m - 2*m + 14. Suppose 0 = -3*g, i*g + 884 = 4*u + 6*g. Is u a prime number?
False
Let n(q) = q + 2*q + q**3 + 5*q**2 + 3*q + 0*q + 6. Let r be n(-3). Suppose x - r*x = -1895. Is x a composite number?
False
Suppose 5*c + 25 = -2*t, 4*t = 2*t - 3*c - 15. Suppose 4*w = -7 - 1, 2*k = -2*w + 190. Suppose t*v + k = v. Is v prime?
True
Let c(n) = 238*n. Let u be c(1). Let w be 1/((-252)/(-51) - 5). Let t = w + u. Is t a composite number?
True
Let q = -21748 + 46997. Is q composite?
True
Suppose 2*b - 48 = 6*b. Let z be (-11932)/24 + (-2)/b. Let d = -262 - z. Is d prime?
False
Suppose -j = 5*c + 1, 3*j + 21 = c + 2*c. Let q be 13/(-5) - j/(-15). Is 975/10 - q/(-6) composite?
False
Let c(b) = 1021*b - 118. Is c(5) prime?
True
Let a = 475 + 1032. Is a a composite number?
True
Suppose 2*o = 5*w - 18569, -3*w - 18560 = -8*w + 5*o. Is w a prime number?
False
Let y = 9649 + -6020. Is y a prime number?
False
Suppose -101*a + 110*a = 909513. Is a a prime number?
False
Let v(p) = -p**3 + 10*p**2 - 11*p - 7. Let g(t) = t**2 + 13*t - 6. Let n be g(-14). Let u be v(n). Let d = u - 2. Is d composite?
False
Suppose 8 = 6*u - 2*u. Suppose u*d + 6*d = 39640. Is d a composite number?
True
Suppose 2*d = 4*n - 16, 18 = 3*n - 4*d + 1. Suppose n*t - 163 = -10. Is t a prime number?
False
Let c(y) = y**3 + 10*y**2 + 11*y + 17. Let x be c(-9). Let m be x - -3 - (-2 - -2). Suppose m*b = -0*b + 52. Is b composite?
True
Suppose 107*k - 204314 = 85*k. Is k a prime number?
False
Let y be ((-14)/(-4))/(8/1248). Suppose 6*i - 1740 = y. Is i prime?
False
Let u(s) = -80*s - 8. Let v be u(-4). Suppose -4*j + v = 4*m, 317 + 74 = 5*j + 4*m. Is j composite?
False
Let u(p) = -26*p + 1. Let x(l) = 2*l + 14. Let t be x(0). Suppose r + t = -3*z - 5, 2*z - 3*r - 2 = 0. Is u(z) a prime number?
True
Suppose -y - 2210 = -5*s + 3*y, 0 = 5*y - 25. Let g be (-3 - -4)/((-1)/(-5)). Suppose -g*m = -n - s, 5*m + 232 = -2*n + 675. Is m composite?
False
Let j(c) = -c**3 + 6*c**2 - c + 6. Let d be j(6). Let b(n) = -n**3 + 2*n**2 + 5. Let s be b(0). Suppose 4*t + d*z = -s*z + 153, -z - 73 = -2*t. Is t prime?
True
Let y(h) = -3*h**3 - 77*h**2 + 12*h - 177. Is y(-35) composite?
False
Let n = 174 - 97. Is n a prime number?
False
Suppose -5*a = -5*u + u + 11058, 5*u = 3*a + 13829. Is u a prime number?
True
Suppose 4*n + 2737 = 19161. Is n a composite number?
True
Let l(d) = 66*d**2 + 2*d - 1. Let y be (1 + 5/(-10))/((-3)/(-18)). Is l(y) prime?
True
Suppose -2*o - 6753 = -x + 933, 5*o + 2*x + 19197 = 0. Let v = o + 6845. Suppose 2*p + v = 6*p. Is p a prime number?
True
Let r(t) = -4*t**2 - 11*t + 16. Let c be r(9). Let m = 570 + c. Is m prime?
True
Suppose 0*j + 5*j - 20 = 0, 0 = -5*d + j + 221. Is (-21569)/(-6) + (d/(-54) - -1) a prime number?
False
Suppose 66970 = -6*j + 11980. Let y = 57746 + j. Is y/195 - 4/30 prime?
False
Suppose 5*y - 20 - 30 = 0. Suppose -13*g + 218 = -432. Is ((-734)/(-10))/(y/g) composite?
False
Let i be 90/1*(-51)/(-6). Let g = 1264 - i. Is g prime?
True
Let f = -58 - -61. Suppose f*m - 177 = 2*b, m = b + 5 + 54. Is m a composite number?
False
Let y(o) = 43*o**2 + 3*o - 27. Is y(-19) a prime number?
True
Suppose -k = 4*a - 10011, 3*k = -a - 0*k + 2500. Is a a composite number?
False
Let y be 24 - ((-6)/(-3) - 1). Suppose -c + 3*q + 6 = 13, -5*q + y = 4*c. Is (13/(-4))/(c/(-56)) a prime number?
False
Suppose 8*g + 55 = 1023. Is g a composite number?
True
Suppose 